m) = m + 32 + 0*m + 23 + 9. Let i be x(0). What is the greatest common divisor of 8 and i?
8
Let t(k) = k**3 + 23*k**2 + 117*k - 29. Let s be t(-15). Calculate the highest common factor of 176 and s.
16
Suppose -37*j = 159 - 7929. Let x = 97 - 67. Calculate the greatest common factor of j and x.
30
Let d(j) = 2*j**3 - 12*j**2 - 5*j + 32. Let z be d(6). What is the greatest common divisor of 38 and z?
2
Let m be ((-312)/(-15))/((-6)/(-15)). Calculate the greatest common divisor of 130 and m.
26
Let g(l) = -2*l**2 - 8*l - 1. Let d be g(-6). Suppose -5*y - 16*w + 11*w = -140, -y + 40 = -3*w. Let k = y + d. What is the highest common divisor of 15 and k?
3
Let f(b) = 7*b**2. Suppose -4*y = -2*l - 0*l - 20, 3*l + 3*y = 6. Let t be f(l). Let o be 56/(-6)*54/(-12). Calculate the highest common divisor of t and o.
14
Suppose -487*s = -492*s + 150. What is the greatest common divisor of 120 and s?
30
Suppose -1374 + 24 = 3*k + 4*h, 0 = -4*k + h - 1800. Let v be k/(-27) - 1/(-3). Let t = 23 - v. What is the highest common factor of t and 42?
6
Let x be 2/(-7) - (-195)/21. Suppose -769*i + 763*i + 270 = 0. Calculate the greatest common factor of i and x.
9
Let j = -225 - -401. What is the highest common factor of j and 48?
16
Suppose 5*o = r - 3*r + 673, 269 = 2*o + r. What is the greatest common divisor of o and 90?
45
Let k(q) = -q - 1. Let r be k(-7). Let u be (-10)/(-2) + 0/(-9). Suppose -u = -5*j + 5. Calculate the highest common factor of j and r.
2
Let j(n) = n**3 + 7*n**2 - n + 5. Let x be j(5). What is the highest common divisor of 24 and x?
12
Let s be ((-682)/(-4))/(11/22). What is the greatest common divisor of 31 and s?
31
Let v be (-3)/(-9) - (-3 - 20/12). Let g(y) = 4*y**3 + y**2 + y + 2. Let l be g(2). Calculate the highest common divisor of v and l.
5
Let k be (-6 - (-16 + 4)) + -3. What is the greatest common factor of 15 and k?
3
Let i be (-2)/((-14)/3) - 954/(-126). What is the greatest common factor of i and 360?
8
Let h(c) = 8*c**2 - 3*c + 5. Let m be h(1). What is the greatest common divisor of 35 and m?
5
Suppose 2*b = -2*v - v + 159, 297 = 4*b - v. Let f = b + -65. Calculate the highest common divisor of 40 and f.
10
Suppose 6*w = 4*w + 24. Let h = 78 + -48. Calculate the highest common divisor of w and h.
6
Let j(f) = -3*f**2 + 23*f - 6. Let h be -2*(35/10)/(-1). Let x be j(h). Calculate the greatest common divisor of 2 and x.
2
Let h(j) = 9*j**2 - 18*j + 21. Let p be h(1). Let x = -17 + 23. Calculate the greatest common divisor of p and x.
6
Let r = 4 - 4. Suppose 5*x - 3 - 7 = r. Suppose x*l - 141 = -33. Calculate the greatest common factor of 36 and l.
18
Suppose v + 4*w - 38 = 0, 6*w + 131 = 3*v + w. Suppose 21*q + v = 24*q. Calculate the highest common factor of 28 and q.
14
Let v be 2 + (9 + 0 - -1). Let o(m) = 3*m**2 - 2*m - 4. Let n be o(-2). Let k be (n/21)/(2/21). Calculate the greatest common divisor of k and v.
6
Let y(w) = 12*w**2 - 3*w + 3. Let u be y(1). What is the greatest common factor of 44 and u?
4
Suppose 0 = -m - 11*m + 14256. Calculate the greatest common factor of 66 and m.
66
Suppose 4*j - 2*l - 12 = 0, -5*j - 48*l + 52*l + 12 = 0. Let p = 35 - 3. What is the greatest common divisor of j and p?
4
Let r(d) = 2*d**2 - 88*d + 186. Let a be r(42). Calculate the greatest common factor of 9 and a.
9
Let c be ((-2)/(-3) + 1)*21. Suppose 2*y - 5*v = 190, -y + 3*y = v + 206. What is the greatest common factor of y and c?
35
Let x(v) be the third derivative of v**6/24 - v**5/20 - v**4/12 + 2*v**3/3 - 6*v**2. Let f be x(2). What is the greatest common factor of f and 7?
7
Let t be (-8)/20 + (-4016)/(-40). What is the highest common factor of t and 125?
25
Let p = -12 - -16. Let s be p/(-8) - (-55)/2. Let a = -2 + 20. Calculate the greatest common divisor of a and s.
9
Let s be (1/(-4))/(1/(-12)) - -13. Let a = 37 - s. Calculate the highest common factor of 105 and a.
21
Let w(z) = z**2 - 9*z - 16. Suppose 2*b = -8, 81 = 5*h - 2*b + 8. Let c be w(h). What is the greatest common factor of c and 252?
36
Suppose 240 = 20*t - 10*t. Let j be (1 + -9)*(-30)/40. Calculate the greatest common factor of t and j.
6
Let c be -25 + 17 + (32 - 0). Suppose 4*n = 5*y - 39 + 8, 0 = 3*n + 12. What is the greatest common factor of y and c?
3
Suppose -102 - 98 = -4*d. What is the greatest common divisor of d and 725?
25
Let t be 9/6*58/3. Let b = 34 - t. Calculate the highest common divisor of b and 35.
5
Let i = 32 + 103. What is the highest common factor of i and 27?
27
Suppose 5*q - 421 = 2*u - u, 2*q + 5*u = 163. Calculate the highest common factor of 24 and q.
12
Let u be (-143)/(-5) + (-24)/(-60). Calculate the highest common divisor of 29 and u.
29
Let i(k) = 28*k + 207. Let q be i(-6). Calculate the greatest common divisor of q and 351.
39
Suppose -2 = -2*t + 4*t. Let l = t - -4. Suppose l*r - 183 = -3*p, 4*p - 5*p + 41 = 5*r. Calculate the highest common divisor of p and 6.
6
Let l(o) = -48*o**3 + 8*o**2 + 4*o + 2. Let v be l(-2). Calculate the greatest common factor of 10 and v.
10
Suppose 0 = -p - 6 + 7. Suppose j - p = 0, -2*a - a + 39 = 3*j. Calculate the greatest common factor of a and 4.
4
Let i(c) = 2*c**2 + 10*c + 98. Let n be i(-6). Let d be (-4)/3*15/(-2). Calculate the highest common factor of n and d.
10
Let x(q) = -q**2 + q - 6. Let c be x(-5). Let i(v) = -9*v - 31. Let u be i(-10). Let y = c + u. What is the highest common factor of y and 253?
23
Let t = 46 + 0. Let v(d) = 12*d - 22. Let f be v(4). Let z = t - f. What is the highest common factor of z and 180?
20
Let q = -10 - -11. Let w be -3*q/(9/21). Let d = 8 - w. What is the greatest common divisor of 45 and d?
15
Let k = 448 + -394. Suppose 2*x + 3 = 2*y - 13, 0 = 3*y + 4*x - 10. Calculate the greatest common divisor of y and k.
6
Suppose -610*z + 608*z = -594. What is the greatest common factor of 176 and z?
11
Let g(b) = b**3 - 15*b**2 + 18*b + 16. Let z be g(14). Suppose 5*a - 114 = 3*n - 25, 21 = a + n. Let r = 28 - a. Calculate the highest common factor of z and r.
9
Suppose 0 = -13*d + 65 + 52. Let x be ((-2)/(-6))/(3/(2268/d)). What is the highest common factor of x and 28?
28
Suppose 0 = -2*s + 5*s - 78. Suppose 4*p - s - 12 = -5*t, 1 = -p + 4*t. Calculate the greatest common divisor of p and 28.
7
Let w = 2900 + -1932. Calculate the highest common divisor of w and 11.
11
Suppose q - 121 = 4*s, -2*q - s - 4*s + 242 = 0. Let j = -23 - -34. Calculate the highest common factor of q and j.
11
Let w(j) = 4*j**2 + j + 1. Let v be w(-1). Suppose -2*h - 2*n - 41 = -5*h, 8 = v*n. Suppose -4*d + 300 = d. What is the highest common divisor of h and d?
15
Suppose 0 = 5*t + p - 244, 3*p - 6*p + 108 = 2*t. Suppose 3*j = 2*j + t. What is the highest common factor of 16 and j?
16
Suppose -78*y + 65*y = -2470. Suppose 51 = -2*l + 3*l + 5*s, 2*s + 86 = l. What is the greatest common divisor of l and y?
38
Suppose h - 4*z + 21 = -2*z, -2*z + 81 = -5*h. Let k = 22 + h. Calculate the greatest common factor of 70 and k.
7
Let c be (-1 + -2)/((-15)/(-25)*-1). Suppose 0 = -a + c, 2*b - 2*a = -5*a + 105. What is the greatest common factor of b and 15?
15
Let u(f) = 2*f**3 - 29*f**2 - 48*f + 41. Let c be u(16). What is the greatest common factor of c and 205?
41
Suppose 7 = 5*m + 32, 2*m = 5*k + 65. Let h be (-26)/(-6) - (-5)/k. What is the highest common divisor of 4 and h?
4
Let j(w) = 3*w**2 - 4*w + 1. Let v be j(2). Suppose 2*u + 2*b + 3*b = 72, -u + 36 = v*b. What is the greatest common factor of u and 252?
36
Let b be (1/2)/(1/2). Suppose 5*v = -65 - 10. Let h = -11 - v. Calculate the highest common divisor of b and h.
1
Let a be 4*3/4 - 9. Let u(c) = -13*c + 3. Let x be u(a). Suppose 8*o - 4*o - 108 = 0. Calculate the greatest common factor of x and o.
27
Let v(a) = a**3 - 20*a**2 + 19*a + 2. Let l be v(19). Suppose -l*f + f + 20 = 0. What is the greatest common divisor of f and 4?
4
Let k(s) = -s**3 + 5*s**2 + s + 3. Let b be k(5). Let l be (-3)/(-5) - 1602/45. Let x be (-8)/5*l/14. What is the greatest common factor of x and b?
4
Let y = -410 - -1626. Calculate the highest common factor of y and 57.
19
Let h(k) = -8*k + 4 + 18*k - 9*k + 9*k**2. Let x be h(-2). What is the greatest common divisor of x and 19?
19
Let i(a) = -a**3 - 13*a**2 - 36*a - 6. Let t be i